-3306706
In base 7, what is -34230411 - -22?
-34230356
In base 8, what is -357567 + 5171?
-352376
In base 10, what is 0 - 61658069?
-61658069
In base 5, what is -3 + 143133110334?
143133110331
In base 16, what is -9f8e9 - 5?
-9f8ee
In base 3, what is 2000111111122101 - -1?
2000111111122102
In base 10, what is 619 + 5070?
5689
In base 4, what is 1020223 + 303230011?
310310300
In base 5, what is 1111404244110 - 10?
1111404244100
In base 3, what is 2021 - 12111122210?
-12111120112
In base 14, what is ca58272 + -4?
ca5826c
In base 2, what is -10010111000101 + -1000110011000?
-11011101011101
In base 10, what is -1777 + 5241?
3464
In base 13, what is -1931 + -1941?
-3572
In base 11, what is 0 - 15363391?
-15363391
In base 10, what is 11 - -22228140?
22228151
In base 2, what is 100100001011 + 11100000011111?
100000100101010
In base 12, what is -8 + 31b6a?
31b62
In base 6, what is 2222250 + 310?
2223000
In base 3, what is 12 - -1012022102001?
1012022102020
In base 6, what is 13054144142 - -1?
13054144143
In base 4, what is 1202200011 - -11232?
1202211303
In base 5, what is 22204 + -24213020?
-24140311
In base 4, what is 1332 - -220222021?
220230013
In base 13, what is 274410 - a7?
274336
In base 11, what is 1948a4 + 154?
194a48
In base 5, what is -4 - 12043144014?
-12043144023
In base 4, what is -221010010321 + 221?
-221010010100
In base 12, what is 22 - 87b22?
-87b00
In base 13, what is -5 - 796875?
-79687a
In base 7, what is 534564565 + -3?
534564562
In base 15, what is -9be - -127cb?
11d0c
In base 15, what is -5d30 - -1336e?
c53e
In base 3, what is -112200010000 + 20?
-112200002210
In base 4, what is -321021001133 + 1?
-321021001132
In base 14, what is 1261 + 1ca9?
312a
In base 7, what is 1240 - 560030?
-555460
In base 7, what is 1364 - -31160?
32554
In base 15, what is ba7 + -1015a?
-e4a3
In base 2, what is -11011100011 + 100011010110111?
11111111010100
In base 3, what is 10120 - -111110121112120?
111110121200010
In base 5, what is -11231 + 213312414?
213301133
In base 3, what is -112200 + 11020112110211?
11020111221011
In base 4, what is -11 - 11001012202030?
-11001012202101
In base 8, what is -2 - -2271424?
2271422
In base 2, what is -10100101011 + -1010010001100001?
-1010100110001100
In base 7, what is -654161 + -1020?
-655211
In base 2, what is -10101 + -11001011100101111101?
-11001011100110010010
In base 10, what is -4 - 105257613?
-105257617
In base 7, what is -5 - 40255261?
-40255266
In base 2, what is -1101100000011 + 10001001001?
-1011010111010
In base 5, what is -1402142 + -11223?
-1413420
In base 16, what is 48f7c5f + -2?
48f7c5d
In base 4, what is 200321031 + -1?
200321030
In base 15, what is 42c + 6c3a?
7167
In base 16, what is -3c89df + e?
-3c89d1
In base 6, what is 150113350 + -1?
150113345
In base 6, what is 5453554002 + 0?
5453554002
In base 9, what is -4 + -143137532?
-143137536
In base 15, what is -4 - -4d77b63?
4d77b5e
In base 10, what is -160147872 + 5?
-160147867
In base 2, what is -111101110010000011 - -1011?
-111101110001111000
In base 5, what is 31443014110 - 4?
31443014101
In base 5, what is 242 - 1441004?
-1440212
In base 6, what is -3532134404 - 3?
-3532134411
In base 15, what is -2ec - 58c8?
-5bc5
In base 16, what is 5 - 13e3c7?
-13e3c2
In base 8, what is -457 + 671734?
671255
In base 5, what is -32014404 - -1?
-32014403
In base 2, what is -110110 + -1010101011001101010110?
-1010101011001110001100
In base 5, what is 1001342 + 433211?
1440103
In base 3, what is 0 - -111012111221002002?
111012111221002002
In base 9, what is 364 - 5783?
-5418
In base 7, what is -1 - 216616451?
-216616452
In base 2, what is -101110 - 1111100110011100111?
-1111100110100010101
In base 7, what is 152 - -34643035?
34643220
In base 16, what is 13d - 279d5?
-27898
In base 5, what is -31211400010 + 11?
-31211344444
In base 13, what is 8919779 + 1?
891977a
In base 12, what is 36289944 + -2?
36289942
In base 5, what is 233301140 - -210?
233301400
In base 6, what is 5 + -144252351?
-144252342
In base 3, what is 12102 + -12012001001?
-12011211122
In base 10, what is -13 - -64595?
64582
In base 9, what is -1226476 - -120?
-1226356
In base 2, what is -1001110110110101100110 + -110?
-1001110110110101101100
In base 7, what is -5121136 - -13?
-5121123
In base 13, what is -436 + 4178?
3a42
In base 13, what is -392 - 4596?
-4958
In base 15, what is -d - -29bb31?
29bb23
In base 14, what is 3 - -3122a1?
3122a4
In base 4, what is -303 + 3110100331?
3110100022
In base 2, what is 1111001 - 1011011110110110?
-1011011100111101
In base 4, what is -10 - -30332011133?
30332011123
In base 10, what is 1572524 - 2?
1572522
In base 13, what is -25c7b4 - a?
-25c7c1
In base 4, what is 10 - -20123300030?
20123300100
In base 2, what is 100000000011010011 - -10111111001?
100000011011001100
In base 12, what is -44484 - 25a?
-44722
In base 9, what is 14123 + 10763?
24886
In base 15, what is bb6 - 3827?
-2b61
In base 16, what is -7b008 + ad?
-7af5b
In base 6, what is -3 - -54500534432?
54500534425
In base 8, what is 37 - 231403?
-231344
In base 15, what is -12103e0 - -4?
-12103db
In base 10, what is 7125613 + 2?
7125615
In base 12, what is -2ab - -41b63?
41874
In base 6, what is 5401 + 2051120?
2100521
In base 6, what is -30 + 14534011?
14533541
In base 13, what is -183c6 + 18?
-183ab
In base 6, what is 1410 + 3150551?
3152401
In base 6, what is 5 + 1333054241?
1333054250
In base 5, what is 4 - 14001202112?
-14001202103
In base 4, what is -11111020330 + -1231?
-11111022221
In base 5, what is -11311430 + -3?
-11311433
In base 4, what is 23303 - -2032013?
2121322
In base 2, what is 101100111 - 100010000111111?
-100001011011000
In base 6, what is 222 - -214404?
215030
In base 13, what is 317 + -1c0c76?
-1c095c
In base 13, what is -41a60b8 + -3?
-41a60bb
In base 13, what is -158c - -62a0?
4a11
In base 3, what is 101001020021102 + 111?
101001020021220
In base 7, what is -131402613 - 143?
-131403056
In base 7, what is -13024 + -1024?
-14051
In base 8, what is 246763611 + 25?
246763636
In base 16, what is 1d - -3d6a0?
3d6bd
In base 11, what is 12991113 + 22?
12991135
In base 2, what is 10000111001001101 - 1101111?
10000110111011110
In base 14, what is 438b35 + -4a?
438ac9
In base 2, what is 1000001001110100000101010 - 1?
1000001001110100000101001
In base 9, what is -4572141 - -13?
-4572127
In base 14, what is 4aa - 353d?
-3073
In base 4, what is 131303 - -222333331?
223131300
In base 3, what is -101112110 - -1102112210?
1001000100
In base 8, what is -4 + 1415553621?
1415553615
In base 16, what is ff - -28aa4f?
28ab4e
In base 7, what is -1505 - -30463?
25655
In base 11, what is -494277 - 16?
-494292
In base 10, what is 0 - -9364953?
9364953
In base 11, what is 0 + -1253007?
-1253007
In base 3, what is 1022 - -1001210212222?
1001210221021
In base 2, what is 110011101 - -111001100?
1101101001
In base 8, what is -306062 - -40?
-306022
In base 9, what is 14080068 - -3?
14080072
In base 4, what is -130021 - -201312201?
201122120
In base 12, what is -1188222 + -5?
-1188227
In base 10, what is 4 + 2574188?
2574192
In base 6, what is -301 - -10354431?
10354130
In base 7, what is -12405656 - -254?
-12405402
In base 2, what is 11100111101100 - -111011001101?
100100010111001
In base 15, what is bb9 - c5c?
-93
In base 12, what is 558 - -25b80?
26518
In base 12, what is -1470564 + 20?
-1470544
In base 2, what is -110101010001001100 - -101111101010?
-110100100001100010
In base 16, what is -14480 + -a?
-1448a
In base 16, what is 1 - -500648?
500649
In base 11, what is 211515 + -284?
211241
In base 6, what is -4031203453 - 2?
-4031203455
In base 12, what is -482204 + -2?
-482206
In base 14, what is 198 + -9a0?
-806
In base 5, what is 4222 - 202420?
-143143
In base 9, what is -6 - -35302163?
35302156
In base 3, what is -102010000 + 101111210?
-121020
In base 15, what is -ed7e - 1d6b?
-11bea
In base 15, what is 57 - 3ee563?
-3ee50b
In base 7, what is 14630561 + -2?
14630556
In base 14, what is -d5388 + -b?
-d5395
In base 16, what is -3 - 192f874?
-192f877
In base 11, what is -2a9 - -174301?
174003
In base 5, what is -1140300 + 40100?
-1100200
In base 12, what is -4908 - 6706?
-b412
In base 13, what is 4150c + -26?
414b6
In base 10, what is -154660238 + 3?
-154660235
In base 16, what is -263 + 7c693?